{"id":4249,"date":"2021-01-04T19:19:37","date_gmt":"2021-01-04T19:19:37","guid":{"rendered":"https:\/\/vivasana.be\/?page_id=4249"},"modified":"2021-04-22T15:58:26","modified_gmt":"2021-04-22T15:58:26","slug":"waarom-forever-living","status":"publish","type":"page","link":"https:\/\/www.vivasana.be\/index.php\/aloe-vera-nl\/waarom-forever-living\/","title":{"rendered":"Waarom Forever Living"},"content":{"rendered":"<p>[vc_row row_content_width=&#8221;grid&#8221;][vc_column]<div class=\"mkdf-elements-holder   mkdf-one-column  mkdf-responsive-mode-768 \" ><div class=\"mkdf-eh-item    \"  data-item-class=\"mkdf-eh-custom-1465\">\n\t\t<div class=\"mkdf-eh-item-inner\">\n\t\t<div class=\"mkdf-eh-item-content mkdf-eh-custom-1465\" style=\"padding: 0 0 10px\">\n\t\t\t[vc_empty_space height=&#8221;100px&#8221;]\t\t<\/div>\n\t<\/div>\n<\/div><\/div><div class=\"mkdf-elements-holder   mkdf-one-column  mkdf-responsive-mode-768 \" ><div class=\"mkdf-eh-item    \"  data-item-class=\"mkdf-eh-custom-7281\" data-1280-1600=\"0 0 10px\" data-1024-1280=\"10px 0 20px\">\n\t\t<div class=\"mkdf-eh-item-inner\">\n\t\t<div class=\"mkdf-eh-item-content mkdf-eh-custom-7281\" style=\"padding: 0 0 20px\">\n\t\t\t<div class=\"mkdf-section-title-holder  mkdf-st-standard mkdf-st-title-left mkdf-st-normal-space \" style=\"text-align: center\">\n\t<div class=\"mkdf-st-inner\">\n\t\t<img width=\"90\" height=\"90\" src=\"https:\/\/www.vivasana.be\/wp-content\/uploads\/2020\/11\/Webp.net-resizeimage-7.png\" class=\"attachment-full size-full\" alt=\"\" loading=\"lazy\" \/>\n\t\t\t\t\t<div class=\"mkdf-separator-holder clearfix\">\n\t\t\t\t<div class=\"mkdf-separator\"><\/div>\n\t\t\t<\/div>\n\t\t\t\t\t\t\t<h2 class=\"mkdf-st-title\" >\n\t\t\t\tWaarom Forever Living\t\t\t<\/h2>\n\t\t\t\t\t<\/div>\n<\/div>\t\t<\/div>\n\t<\/div>\n<\/div><\/div><div class=\"mkdf-elements-holder   mkdf-one-column  mkdf-responsive-mode-768 \" ><div class=\"mkdf-eh-item    \"  data-item-class=\"mkdf-eh-custom-7842\" data-1280-1600=\"0 10% 0\" data-1024-1280=\"0 10% 0\"  data-680-768=\"0 3% 0\" data-680=\"0 0\">\n\t\t<div class=\"mkdf-eh-item-inner\">\n\t\t<div class=\"mkdf-eh-item-content mkdf-eh-custom-7842\" style=\"padding: 0 20% 0\">\n\t\t\t[vc_column_text]<span style=\"font-weight: 400;\">Forever Living Products is sinds 1978 de grootste producent, fabrikant en distributeur van Alo\u00eb vera ter wereld, inclusief alo\u00eb vera-gel, huidverzorging en supplementen.<\/span><\/p>\n<p><span style=\"font-weight: 400;\">Forever heeft zich ertoe verbonden om de beste producten te bieden die momenteel op de markt verkrijgbaar zijn. Zij hebben hun eigen plantages, productie en distributie, waardoor zij het hele proces kunnen controleren om ervoor te zorgen dat jij de hoogste kwaliteit kunt garanderen.<\/span><\/p>\n<p>&nbsp;<\/p>\n<p><strong><u>Een volledig ge\u00efntegreerde productieketen, een gegarandeerde kwaliteitscontrole.<\/u><\/strong><\/p>\n<p><span style=\"font-weight: 400;\">Met meer dan 50 miljoen Alo\u00eb Vera planten op meer dan 7500 hectare worden er elk jaar 30 miljoen kg alo\u00eb vera geproduceerd, dit maakt van Forever Living Products <strong>de grootste producent <\/strong>van Alo\u00eb Vera.\u00a0 Elk jaar zetten hun Aloe Vera planten ruim 2 miljoen CO2 om in zuurstof.<\/span><\/p>\n<p>&nbsp;<\/p>\n<p><span style=\"font-weight: 400;\">In elke fase van het productieproces worden er kwaliteitstests uitgevoerd om de kwaliteit te garanderen.<\/span>[\/vc_column_text][vc_empty_space][vc_single_image image=&#8221;3707&#8243; img_size=&#8221;large&#8221; alignment=&#8221;center&#8221;][vc_empty_space][vc_column_text]<\/p>\n<h3>De belangrijkste stappen bij de keuze van Alo\u00eb Vera<\/h3>\n<ol>\n<li style=\"list-style-type: none;\">\n<ol>\n<li><span style=\"font-weight: 400;\">De teelt<\/span><\/li>\n<li><span style=\"font-weight: 400;\">De oogst, extractie van de pulp en de stabilisatie van de gel<\/span><\/li>\n<li><span style=\"font-weight: 400;\">De conditionering<\/span><\/li>\n<li><span style=\"font-weight: 400;\">Testen en certificaten<\/span><\/li>\n<\/ol>\n<\/li>\n<\/ol>\n<h4 style=\"text-align: center;\"><\/h4>\n<p>&nbsp;<\/p>\n<h5 style=\"text-align: left;\"><strong><span style=\"color: #d6b981;\">1. DE TEELT<\/span><\/strong><\/h5>\n<p style=\"text-align: left;\"><span style=\"font-weight: 400;\">De plantages bevinden zich in de Verenigde Staten, Mexico en de Dominicaanse Republiek, plaatsen die gunstig zijn voor de ideale bloei van Alo\u00eb Vera. Op de velden in de Dominicaanse Republiek worden er pompen gebruikt op zonne-energie en een bewateringssysteem waarmee het <strong>waterverbruik met 90% verminderd werd<\/strong>.<\/span><\/p>\n<p style=\"text-align: left;\"><span style=\"font-weight: 400;\">Dankzij dit klimaat en de gezonde omgeving, zonder enige chemische input maakt deze plantaardige grondstof tot een kostbaar goed, een stof die barst van voedingsstoffen, vitamines, mineralen en aminozuren. Alo\u00eb Barbadensis Miller is de meest nutritioneel waardevolle vari\u00ebteit van alo\u00eb vera en de enige soort die bij Forever Living geteelt wordt.<br \/>\n<\/span><\/p>\n<p>&nbsp;<\/p>\n<h5 style=\"text-align: left;\"><span style=\"color: #d6b981;\"><strong>2. DE OOGST, DE EXTRACTIE EN DE STABILISATIE VAN DE GEL<\/strong><\/span><\/h5>\n<p style=\"text-align: left;\"><span style=\"font-weight: 400;\">Elk blad wordt met de hand geoogst om schade aan de Alo\u00eb plant te voorkomen en om ervoor te zorgen dat elk geoogst blad matuur is (meer dan 4 jaar oud). Dankzij deze methode is de duurzaamheid van de plant verzekerd.<\/span><\/p>\n<p style=\"text-align: left;\"><span style=\"font-weight: 400;\">De bladeren worden maximaal 6 uur na de oogst grondig gewassen en ge\u00efnspecteerd. Daarna wordt elk blad met de hand gefileerd om alleen de pure, krachtige Alo\u00eb vera-GEL te extraheren. En om de gel niet te mengen met een irriterende en allergene stof\u00a0: alo\u00efne.<\/span><\/p>\n<p style=\"text-align: left;\"><span style=\"font-weight: 400;\">De Alo\u00eb gel wordt opgevangen in roestvrijstalen containers, vervolgens direct geperst en koud gestabiliseerd dankzij een uniek en gepatenteerd proces dat het behoud van de vele voedingsstoffen die van nature in de plant aanwezig zijn, garandeert.<\/span><\/p>\n<p style=\"text-align: left;\"><span style=\"font-weight: 400;\">De gestabiliseerde gel wordt vervolgens onderworpen aan testen die een uitzonderlijk kwaliteitsniveau garanderen.<\/span><\/p>\n<p>[\/vc_column_text][vc_empty_space][vc_single_image image=&#8221;4555&#8243; img_size=&#8221;medium&#8221; alignment=&#8221;center&#8221;][vc_empty_space][vc_column_text]<\/p>\n<h5 style=\"text-align: left;\"><span style=\"color: #d6b981;\"><strong>3. DE CONDITIONERING<\/strong><\/span><\/h5>\n<p style=\"text-align: left;\"><span style=\"font-weight: 400;\">De Tetra Pak bestaat uit 6 lagen gemaakt van gerecycleerde grondstoffen en is zelf 100% recycleerbaar. <\/span><\/p>\n<p style=\"text-align: left;\"><span style=\"font-weight: 400;\">Deze verpakking is aseptisch (gesteriliseerd voor het vullen) en beschermt de versheid, voedingswaarde en unieke smaak. <\/span><\/p>\n<p style=\"text-align: left;\"><span style=\"font-weight: 400;\">Ook de elementen van de productieketen, namelijk de verpakkingsmaterialen, -machines en de ruimtes zelf zijn steriel, dwz bacterievrij.<\/span><\/p>\n<p style=\"text-align: left;\"><span style=\"font-weight: 400;\"><strong>Zo wordt de voedingswaarde en kwaliteit van de alo\u00eb vera-gel tot 2 jaar beschermd &#8211; en dat zonder het gebruik van conserveermiddelen.<\/strong> <\/span><\/p>\n<p style=\"text-align: left;\"><span style=\"font-weight: 400;\">De verzenddozen zijn met 85% gerecycleerde materialen gemaakt en zijn bedrukt met milieu vriendelijke inkt.<\/span><\/p>\n<p>&nbsp;<\/p>\n<p style=\"font-weight: 400; font-size: 11px;\"><em>Opgelet: <\/em><em>Dankzij of omwille van de \u201chype\u201d van Alo\u00eb Vera stappen vele bedrijven de laatste jaren mee met deze \u201crage\u201d en brengen \u201cAlo\u00eb producten\u201d op de markt.\u00a0<\/em><em>De overgrote meerderheid van deze producten die in winkels (zelfs biologische winkels, apotheken, enz.) worden aangeboden, is van mindere kwaliteit, omdat ze voornamelijk water bevatten of zelfs suiker! Wees dus niet verbaasd als deze producten niet duur of niet effectief zijn. Producten met de woorden &#8220;100% gestabiliseerde Alo\u00eb Vera&#8221; betekent enkel dat de gebruikte Alo\u00eb Vera, ongeacht het percentage, is gestabiliseerd op 100% &#8230; en niets anders, het kan dus evengoed zijn dat het product 20% Alo\u00eb vera bevat en de rest water, suiker, of andere ingredi\u00ebnten<strong>. <\/strong><\/em><strong>Alle producten van Forever Living bevatten hoge percentages van de hand geoogste alo\u00eb vera (tot wel 99,7%) en zonder bewaarmiddelen.\u00a0<\/strong><em>Gebruik enkel producten met het IASC-label. Dit label vertegenwoordigt de beste kwaliteitsgarantie op het gebied van Alo\u00eb Vera. Maar kijk toch even naar de andere ingredi\u00ebnten&#8230;..<\/em><\/p>\n<p>&nbsp;<\/p>\n<h5 style=\"text-align: left;\"><span style=\"color: #d6b981;\"><strong>4. TESTEN EN CERTIFICATEN<\/strong><\/span><\/h5>\n<p style=\"text-align: left;\"><span style=\"font-weight: 400;\">Kwaliteit is een kernwaarde bij Forever Living Products. De productie-eenheden zijn gecertificeerd volgens internationale kwaliteitsnormen:<\/span><\/p>\n<ul>\n<li style=\"list-style-type: none;\">\n<ul>\n<li style=\"list-style-type: none;\">\n<ul>\n<li><strong style=\"letter-spacing: 0.025em;\">ISO 9001<\/strong><span style=\"letter-spacing: 0.025em;\">-gecertificeerd voor hun kwaliteitsmanagementsysteem op hun producten: klinisch geteste ingredi\u00ebnten met innovatieve technologie.<\/span><\/li>\n<li><strong style=\"letter-spacing: 0.025em;\">ISO 14001<\/strong><span style=\"letter-spacing: 0.025em;\">-gecertificeerd voor hun milieurespectbeheer bij de vervaardiging van de producten.<\/span><\/li>\n<li><strong style=\"letter-spacing: 0.025em;\">ISO 18001<\/strong><span style=\"letter-spacing: 0.025em;\">-gecertificeerd voor hun gezondheids- en veiligheidsmanagementsysteem : aandacht voor het welzijn van het personeel.<\/span><\/li>\n<\/ul>\n<\/li>\n<\/ul>\n<\/li>\n<\/ul>\n<ul>\n<li style=\"list-style-type: none;\"><\/li>\n<\/ul>\n<p style=\"text-align: left;\"><span style=\"font-weight: 400;\">Dergelijke kwaliteitseisen worden ook erkend door andere instanties:<\/span><\/p>\n<ul>\n<li style=\"list-style-type: none;\">\n<ul>\n<li style=\"list-style-type: none;\">\n<ul>\n<li><span style=\"letter-spacing: 0.025em;\">Voor hun puurheid : hun producten hebben als eerste het kwaliteitslabel \u00ab\u00a0IASC\u00a0\u00bb(International Aloe Science Council) ontvang<\/span><\/li>\n<li><span style=\"letter-spacing: 0.025em;\">De Alo\u00eb Vera dranken hebben de garantie: <\/span><strong style=\"letter-spacing: 0.025em;\">Kosher, Hallal\u00a0en vegan<\/strong><\/li>\n<li><span style=\"letter-spacing: 0.025em;\">Dermatologische testen <span style=\"letter-spacing: 0.025em;\">hebben hun kwaliteit op schoonheidsproducten bevestigd.<\/span><\/span><\/li>\n<li><span style=\"letter-spacing: 0.025em;\">De dranken en supplementen zijn goedgekeurd door het ministerie van volksgezondheid (per land) en hun sportproducten staan op de <\/span><strong style=\"letter-spacing: 0.025em;\">K\u00f6lner Liste<\/strong><span style=\"letter-spacing: 0.025em;\"> (lijst anti-dopage)<\/span><\/li>\n<\/ul>\n<\/li>\n<\/ul>\n<\/li>\n<\/ul>\n<p>&nbsp;<\/p>\n<h3 style=\"text-align: center;\"><strong>Alo\u00eb Vera van Forever Living aanbevolen door VivaSana<\/strong><\/h3>\n<p>[\/vc_column_text][vc_empty_space][vc_single_image image=&#8221;4558&#8243; img_size=&#8221;large&#8221; alignment=&#8221;center&#8221;][vc_empty_space][vc_column_text]<\/p>\n<h3 style=\"text-align: left;\"><\/h3>\n<ul>\n<li style=\"list-style-type: none;\"><\/li>\n<li><span style=\"font-weight: 400;\">99,7% pure gel van het binnenblad<\/span><\/li>\n<li><span style=\"font-weight: 400;\">Rijk aan vitamine C*<\/span><\/li>\n<li><span style=\"font-weight: 400;\">Met de hand geoogst op hun eigen plantages <\/span><\/li>\n<li style=\"text-align: left;\"><span style=\"font-weight: 400;\">Verpakking 100% recycleerbaar<\/span><\/li>\n<li style=\"text-align: left;\"><span style=\"font-weight: 400;\">Zonder bewaarmiddelen<\/span><\/li>\n<li style=\"text-align: left;\"><span style=\"font-weight: 400;\">Glutenvrij<\/span><\/li>\n<li style=\"text-align: left;\"><span style=\"font-weight: 400;\">Suikervrij<\/span><\/li>\n<li style=\"text-align: left;\"><span style=\"font-weight: 400;\">Certificaat IASC**, Kosher, Hallal, Vegan<\/span><\/li>\n<li style=\"text-align: left;\"><span style=\"font-weight: 400;\">ISO 14001 voor hun aandacht aan het milieu<\/span><\/li>\n<li style=\"text-align: left;\"><span style=\"font-weight: 400;\">ISO 9001 voor de constante en gewaarborgde kwaliteit<\/span><\/li>\n<li style=\"text-align: left;\"><span style=\"font-weight: 400;\">ISO 18001 voor de aandacht aan het welzijn van hun personeel<\/span><\/li>\n<li style=\"text-align: left;\"><span style=\"font-weight: 400;\">ISO 17025 voor hun inzet om de veiligste producten van hoogste kwaliteit te leveren.\u00a0<\/span><\/li>\n<li style=\"text-align: left;\"><span style=\"font-weight: 400;\">Prijs in uitmuntheid van schoonheidsproducten dankzij dermatologische testen<\/span><\/li>\n<li style=\"text-align: left;\"><span style=\"font-weight: 400;\">Producten bestemd voor onze dieren, maar niet getest op dieren<\/span><\/li>\n<li style=\"text-align: left;\"><span style=\"font-weight: 400;\">Familie bedrijf sinds 1978, schuldenvrij en niet beurgsgenoteerd<\/span><\/li>\n<li style=\"text-align: left;\"><span style=\"font-weight: 400;\">Forever steunt Rise Against Hunger, een non-profit organisatie dat voedselpakketten, levensmiddelen ea benodigdheden wereldwijd verstrekt.<\/span><\/li>\n<\/ul>\n<p>&nbsp;<\/p>\n<p style=\"text-align: left;\"><span style=\"font-weight: 300;\">* toevoeging van Vitamine C.\u00a0<\/span><span style=\"font-weight: 300;\">Deze vitamine is een antioxidant, die de formule helpt te beschermen, en die ook veel voordelen biedt voor ons organisme.<\/span><\/p>\n<p>&nbsp;<\/p>\n<p>&nbsp;<\/p>\n<p><span style=\"font-weight: 400;\">Alle producten van Forever Living dragen het prestigieuze label van de **<strong>International Aloe Scientific Council: &#8220;IASC&#8221;.\u00a0<\/strong>Dit label bevestigt dat de producten <strong>&#8220;100% gestabiliseerde Alo\u00eb Vera-gel&#8221;<\/strong> van de hoogste kwaliteit bevatten.<\/span><\/p>\n<h4><\/h4>\n<h4 style=\"text-align: center;\"><strong><span style=\"color: #d6b981;\">Het IASC-label voldoet aan veel kwaliteitscriteria:<\/span><\/strong><\/h4>\n<ul>\n<li style=\"list-style-type: none;\">\n<ul>\n<li style=\"text-align: left;\"><span style=\"font-weight: 400;\">Alo\u00eb Vera-gel is <strong>het eerste bestanddeel<\/strong> van de ingredi\u00ebntenlijst (anders heb je water of alo\u00eb vera-sap, dat is alsof je de gel met water mengt &#8230;).<\/span><\/li>\n<li style=\"text-align: left;\"><span style=\"font-weight: 400;\">Alo\u00eb Vera-gel mag v\u00f3\u00f3r het verpakt wordt geen oxidatie hebben ondergaan (anders worden de essenti\u00eble voedingsstoffen van de plant vernietigd).<\/span><\/li>\n<li style=\"text-align: left;\"><span style=\"font-weight: 400;\">Alo\u00eb Vera-gel mag <\/span><strong style=\"letter-spacing: 0.025em;\">geen enkele transformatie\u00a0<\/strong><span style=\"letter-spacing: 0.025em;\">ondergaan<\/span><\/li>\n<li style=\"text-align: left;\"><span style=\"font-weight: 400;\">Alo\u00eb Vera-gel moet worden <\/span><strong style=\"letter-spacing: 0.025em;\">gestabiliseerd met een natuurlijk proces<\/strong><span style=\"letter-spacing: 0.025em;\"> (natuurlijke en niet-chemische componenten).<\/span><\/li>\n<li style=\"text-align: left;\"><span style=\"font-weight: 400;\">Alo\u00eb Vera-gel moet <\/span><strong style=\"letter-spacing: 0.025em;\">koud worden gestabiliseerd<\/strong><span style=\"letter-spacing: 0.025em;\"> (het verwarmen ervan vernietigt de essenti\u00eble voedingsstoffen in de gel).<\/span><\/li>\n<li style=\"text-align: left;\"><span style=\"font-weight: 400;\">Alo\u00eb Vera-gel moet <\/span><strong style=\"letter-spacing: 0.025em;\">ge\u00ebxtraheerd<\/strong><span style=\"letter-spacing: 0.025em;\"> worden als de <\/span><strong style=\"letter-spacing: 0.025em;\">bladeren rijp zijn<\/strong><span style=\"letter-spacing: 0.025em;\"> (zo bevat het blad alle essenti\u00eble voedingsstoffen 100%).<\/span><\/li>\n<li style=\"text-align: left;\"><span style=\"font-weight: 400;\">Alo\u00eb Vera-gel mag <\/span><strong style=\"letter-spacing: 0.025em;\">geen alo\u00efne<\/strong><span style=\"letter-spacing: 0.025em;\"> bevatten (irriterende en allergene stof die zich tussen het blad en de gel bevindt).<\/span><\/li>\n<li style=\"text-align: left;\"><span style=\"font-weight: 400;\">Het product moet een <\/span><strong style=\"letter-spacing: 0.025em;\">hoog percentage Alo\u00eb Vera<\/strong><span style=\"letter-spacing: 0.025em;\">-gel bevatten.<\/span><\/li>\n<li style=\"text-align: left;\"><span style=\"letter-spacing: 0.025em;\">De <\/span><strong style=\"letter-spacing: 0.025em;\">verpakking<\/strong><span style=\"letter-spacing: 0.025em;\"> moet behandeld zijn met <\/span><strong style=\"letter-spacing: 0.025em;\">UV-filters<\/strong><span style=\"letter-spacing: 0.025em;\"> (anders oxideert de gel bij lichtinval).<\/span><\/li>\n<li style=\"text-align: left;\"><span style=\"font-weight: 400;\">De producten moeten tenslotte worden <\/span><strong style=\"letter-spacing: 0.025em;\">getest op de kwaliteit<\/strong><span style=\"letter-spacing: 0.025em;\"> van de gel en hun effectiviteit.<\/span><\/li>\n<\/ul>\n<\/li>\n<\/ul>\n<p>[\/vc_column_text][vc_empty_space][vc_single_image image=&#8221;4043&#8243; img_size=&#8221;large&#8221; alignment=&#8221;center&#8221;]\t\t<\/div>\n\t<\/div>\n<\/div><\/div><div class=\"mkdf-elements-holder   mkdf-one-column  mkdf-responsive-mode-768 \" ><div class=\"mkdf-eh-item   mkdf-horizontal-alignment-center \"  data-item-class=\"mkdf-eh-custom-4204\" data-1280-1600=\"30px 0 8%\" data-1024-1280=\"40px 0 9%\" data-768-1024=\"40px 0 12%\" data-680-768=\"40px 0 34%\" data-680=\"30px 0 21%\">\n\t\t<div class=\"mkdf-eh-item-inner\">\n\t\t<div class=\"mkdf-eh-item-content mkdf-eh-custom-4204\" style=\"padding: 40px 0 20%\">\n\t\t\t\t\t<\/div>\n\t<\/div>\n<\/div><\/div>[\/vc_column][\/vc_row][vc_row][vc_column][\/vc_column][\/vc_row]<\/p>\n","protected":false},"excerpt":{"rendered":"<p>[vc_row row_content_width=&#8221;grid&#8221;][vc_column][\/vc_column][\/vc_row][vc_row][vc_column][\/vc_column][\/vc_row]<\/p>\n","protected":false},"author":1,"featured_media":0,"parent":4244,"menu_order":0,"comment_status":"closed","ping_status":"closed","template":"full-width.php","meta":[],"yoast_head":"<!-- This site is optimized with the Yoast SEO plugin v16.0.2 - https:\/\/yoast.com\/wordpress\/plugins\/seo\/ -->\n<title>Waarom Forever Living - Vivasana<\/title>\n<link rel=\"canonical\" href=\"https:\/\/www.vivasana.be\/index.php\/aloe-vera-nl\/waarom-forever-living\/\" \/>\n<meta property=\"og:locale\" content=\"en_GB\" \/>\n<meta property=\"og:type\" content=\"article\" \/>\n<meta property=\"og:title\" content=\"Waarom Forever Living - Vivasana\" \/>\n<meta property=\"og:description\" content=\"[vc_row row_content_width=&#8221;grid&#8221;][vc_column][\/vc_column][\/vc_row][vc_row][vc_column][\/vc_column][\/vc_row]\" \/>\n<meta property=\"og:url\" content=\"https:\/\/www.vivasana.be\/index.php\/aloe-vera-nl\/waarom-forever-living\/\" \/>\n<meta property=\"og:site_name\" content=\"Vivasana\" \/>\n<meta property=\"article:modified_time\" content=\"2021-04-22T15:58:26+00:00\" \/>\n<meta name=\"twitter:card\" content=\"summary_large_image\" \/>\n<meta name=\"twitter:label1\" content=\"Estimated reading time\">\n\t<meta name=\"twitter:data1\" content=\"6 minutes\">\n<script type=\"application\/ld+json\" class=\"yoast-schema-graph\">{\"@context\":\"https:\/\/schema.org\",\"@graph\":[{\"@type\":[\"Person\",\"Organization\"],\"@id\":\"https:\/\/www.vivasana.be\/#\/schema\/person\/bf80a11fba06a1a649b56ee60f48f140\",\"name\":\"vivasana\",\"image\":{\"@type\":\"ImageObject\",\"@id\":\"https:\/\/www.vivasana.be\/#personlogo\",\"inLanguage\":\"en-GB\",\"url\":\"https:\/\/secure.gravatar.com\/avatar\/92d9ea7bd8b34298fad83acbfa01a197?s=96&d=mm&r=g\",\"caption\":\"vivasana\"},\"logo\":{\"@id\":\"https:\/\/www.vivasana.be\/#personlogo\"}},{\"@type\":\"WebSite\",\"@id\":\"https:\/\/www.vivasana.be\/#website\",\"url\":\"https:\/\/www.vivasana.be\/\",\"name\":\"Vivasana\",\"description\":\"Healing studio for physical and emotional release, based on a holistic Hawaiian approach.\",\"publisher\":{\"@id\":\"https:\/\/www.vivasana.be\/#\/schema\/person\/bf80a11fba06a1a649b56ee60f48f140\"},\"potentialAction\":[{\"@type\":\"SearchAction\",\"target\":\"https:\/\/www.vivasana.be\/?s={search_term_string}\",\"query-input\":\"required name=search_term_string\"}],\"inLanguage\":\"en-GB\"},{\"@type\":\"WebPage\",\"@id\":\"https:\/\/www.vivasana.be\/index.php\/aloe-vera-nl\/waarom-forever-living\/#webpage\",\"url\":\"https:\/\/www.vivasana.be\/index.php\/aloe-vera-nl\/waarom-forever-living\/\",\"name\":\"Waarom Forever Living - Vivasana\",\"isPartOf\":{\"@id\":\"https:\/\/www.vivasana.be\/#website\"},\"datePublished\":\"2021-01-04T19:19:37+00:00\",\"dateModified\":\"2021-04-22T15:58:26+00:00\",\"breadcrumb\":{\"@id\":\"https:\/\/www.vivasana.be\/index.php\/aloe-vera-nl\/waarom-forever-living\/#breadcrumb\"},\"inLanguage\":\"en-GB\",\"potentialAction\":[{\"@type\":\"ReadAction\",\"target\":[\"https:\/\/www.vivasana.be\/index.php\/aloe-vera-nl\/waarom-forever-living\/\"]}]},{\"@type\":\"BreadcrumbList\",\"@id\":\"https:\/\/www.vivasana.be\/index.php\/aloe-vera-nl\/waarom-forever-living\/#breadcrumb\",\"itemListElement\":[{\"@type\":\"ListItem\",\"position\":1,\"item\":{\"@type\":\"WebPage\",\"@id\":\"https:\/\/www.vivasana.be\/index.php\/en\/main-home\/\",\"url\":\"https:\/\/www.vivasana.be\/index.php\/en\/main-home\/\",\"name\":\"Home\"}},{\"@type\":\"ListItem\",\"position\":2,\"item\":{\"@type\":\"WebPage\",\"@id\":\"https:\/\/www.vivasana.be\/index.php\/aloe-vera-nl\/\",\"url\":\"https:\/\/www.vivasana.be\/index.php\/aloe-vera-nl\/\",\"name\":\"Aloe Vera\"}},{\"@type\":\"ListItem\",\"position\":3,\"item\":{\"@type\":\"WebPage\",\"@id\":\"https:\/\/www.vivasana.be\/index.php\/aloe-vera-nl\/waarom-forever-living\/\",\"url\":\"https:\/\/www.vivasana.be\/index.php\/aloe-vera-nl\/waarom-forever-living\/\",\"name\":\"Waarom Forever Living\"}}]}]}<\/script>\n<!-- \/ Yoast SEO plugin. -->","_links":{"self":[{"href":"https:\/\/www.vivasana.be\/index.php\/wp-json\/wp\/v2\/pages\/4249"}],"collection":[{"href":"https:\/\/www.vivasana.be\/index.php\/wp-json\/wp\/v2\/pages"}],"about":[{"href":"https:\/\/www.vivasana.be\/index.php\/wp-json\/wp\/v2\/types\/page"}],"author":[{"embeddable":true,"href":"https:\/\/www.vivasana.be\/index.php\/wp-json\/wp\/v2\/users\/1"}],"replies":[{"embeddable":true,"href":"https:\/\/www.vivasana.be\/index.php\/wp-json\/wp\/v2\/comments?post=4249"}],"version-history":[{"count":40,"href":"https:\/\/www.vivasana.be\/index.php\/wp-json\/wp\/v2\/pages\/4249\/revisions"}],"predecessor-version":[{"id":5117,"href":"https:\/\/www.vivasana.be\/index.php\/wp-json\/wp\/v2\/pages\/4249\/revisions\/5117"}],"up":[{"embeddable":true,"href":"https:\/\/www.vivasana.be\/index.php\/wp-json\/wp\/v2\/pages\/4244"}],"wp:attachment":[{"href":"https:\/\/www.vivasana.be\/index.php\/wp-json\/wp\/v2\/media?parent=4249"}],"curies":[{"name":"wp","href":"https:\/\/api.w.org\/{rel}","templated":true}]}}